46?
46
What is the greatest common factor of 3225 and 2175?
75
Calculate the highest common factor of 39 and 1300.
13
Calculate the highest common factor of 42 and 6531.
21
Calculate the greatest common divisor of 1096 and 88.
8
What is the greatest common divisor of 2754 and 765?
153
What is the highest common factor of 8 and 1688?
8
What is the greatest common factor of 231 and 99?
33
What is the highest common divisor of 78 and 117?
39
Calculate the greatest common divisor of 72 and 468.
36
What is the greatest common divisor of 1105 and 260?
65
Calculate the highest common divisor of 32 and 1024.
32
What is the greatest common divisor of 44 and 11264?
44
Calculate the greatest common divisor of 7 and 1071.
7
Calculate the highest common factor of 2086 and 28.
14
What is the highest common divisor of 522 and 116?
58
What is the greatest common divisor of 45 and 81?
9
What is the greatest common divisor of 32 and 288?
32
Calculate the highest common factor of 7201 and 38.
19
Calculate the greatest common divisor of 38 and 608.
38
What is the greatest common factor of 75 and 125?
25
What is the greatest common factor of 98 and 7742?
98
What is the greatest common factor of 250 and 10?
10
Calculate the greatest common divisor of 6424 and 730.
146
What is the greatest common divisor of 1856 and 348?
116
What is the highest common divisor of 55 and 187?
11
What is the greatest common divisor of 1403 and 61?
61
What is the greatest common divisor of 120 and 20664?
24
What is the greatest common divisor of 990 and 11?
11
Calculate the greatest common divisor of 44 and 2101.
11
What is the highest common factor of 1364 and 12?
4
Calculate the greatest common factor of 45 and 165.
15
Calculate the greatest common factor of 338 and 26.
26
What is the highest common factor of 220 and 44?
44
What is the highest common factor of 64 and 4496?
16
What is the greatest common factor of 3484 and 104?
52
What is the highest common divisor of 8684 and 156?
52
Calculate the highest common factor of 2001 and 138.
69
Calculate the highest common factor of 729 and 6642.
81
Calculate the greatest common factor of 1821 and 12.
3
What is the highest common factor of 17 and 34?
17
What is the highest common divisor of 115 and 920?
115
What is the greatest common factor of 64 and 7712?
32
What is the highest common factor of 1719 and 6112?
191
Calculate the greatest common factor of 115 and 230.
115
What is the greatest common factor of 817 and 19?
19
Calculate the greatest common factor of 252 and 280.
28
Calculate the greatest common factor of 156 and 6.
6
Calculate the highest common factor of 1 and 5.
1
Calculate the greatest common divisor of 13 and 1053.
13
Calculate the greatest common divisor of 5056 and 64.
64
Calculate the highest common divisor of 8 and 24.
8
Calculate the greatest common divisor of 80 and 32.
16
What is the greatest common factor of 590 and 120?
10
What is the highest common divisor of 15 and 219?
3
Calculate the highest common factor of 437 and 46.
23
What is the highest common divisor of 1620 and 40?
20
Calculate the highest common divisor of 53 and 1007.
53
What is the greatest common factor of 7620 and 600?
60
What is the highest common divisor of 3870 and 522?
18
What is the greatest common divisor of 840 and 50?
10
Calculate the highest common factor of 5958 and 18.
18
Calculate the highest common divisor of 2114 and 70.
14
What is the highest common divisor of 36 and 5436?
36
What is the highest common factor of 72 and 2052?
36
Calculate the highest common divisor of 39275 and 25.
25
Calculate the highest common divisor of 147 and 2415.
21
Calculate the highest common factor of 24852 and 456.
228
Calculate the greatest common divisor of 3 and 5967.
3
Calculate the highest common factor of 618 and 6.
6
Calculate the highest common divisor of 30 and 165.
15
What is the greatest common factor of 60 and 3090?
30
Calculate the highest common divisor of 396 and 77.
11
What is the highest common divisor of 140 and 259?
7
What is the greatest common divisor of 55 and 253?
11
What is the highest common divisor of 588 and 10388?
196
Calculate the highest common divisor of 268 and 2546.
134
What is the greatest common factor of 103 and 33681?
103
What is the highest common divisor of 91 and 13?
13
What is the greatest common factor of 4361 and 196?
49
Calculate the highest common factor of 1624 and 434.
14
What is the highest common factor of 1044 and 12?
12
What is the highest common divisor of 8 and 18?
2
Calculate the highest common divisor of 272 and 32.
16
What is the greatest common divisor of 19 and 133?
19
What is the greatest common factor of 468 and 416?
52
What is the highest common factor of 22 and 990?
22
Calculate the greatest common divisor of 75 and 1200.
75
What is the highest common factor of 6148 and 174?
58
Calculate the highest common divisor of 21 and 9.
3
Calculate the highest common divisor of 25 and 4175.
25
Calculate the greatest common factor of 1715 and 5.
5
What is the highest common divisor of 5896 and 56?
8
What is the greatest common factor of 25271 and 37?
37
What is the highest common factor of 1040 and 65?
65
Calculate the highest common factor of 1003 and 17.
17
What is the greatest common divisor of 494 and 19?
19
Calculate the greatest common factor of 60 and 45.
15
What is the highest common factor of 16 and 6352?
16
Calculate the highest common factor of 316 and 4.
4
Calculate the highest common factor of 406 and 2324.
14
What is the greatest common divisor of 6549 and 1239?
177
What is the greatest common factor of 603 and 1005?
201
Calculate the greatest common divisor of 5335 and 55.
55
Calculate the greatest common divisor of 5850 and 5460.
390
Calculate the greatest common factor of 705 and 195.
15
What is the highest common factor of 1681 and 82?
41
What is the greatest common divisor of 2176 and 2688?
128
Calculate the highest common divisor of 7 and 149.
1
Calculate the highest common factor of 56 and 98.
14
What is the greatest common divisor of 880 and 770?
110
Calculate the greatest common factor of 134 and 469.
67
What is the highest common factor of 152 and 136?
8
Calculate the highest common divisor of 92 and 12604.
92
Calculate the highest common factor of 1639 and 447.
149
What is the highest common factor of 99 and 44?
11
What is the highest common divisor of 147 and 1848?
21
What is the greatest common divisor of 171 and 684?
171
What is the highest common divisor of 27742 and 858?
286
What is the greatest common factor of 1162 and 4?
2
Calculate the greatest common factor of 546 and 858.
78
Calculate the highest common divisor of 535 and 10.
5
What is the greatest common divisor of 1084 and 68?
4
Calculate the greatest common factor of 120 and 165.
15
What is the greatest common factor of 10710 and 378?
126
What is the greatest common factor of 2958 and 170?
34
Calculate the highest common divisor of 316 and 16.
4
Calculate the greatest common factor of 152 and 114.
38
What is the highest common factor of 621 and 54?
27
What is the highest common factor of 33086 and 1864?
466
What is the highest common factor of 585 and 30225?
195
What is the highest common factor of 770 and 840?
70
What is the highest common divisor of 1331 and 6897?
121
What is the greatest common factor of 6 and 9?
3
What is the highest common divisor of 32 and 376?
8
Calculate the greatest common divisor of 472 and 3422.
118
What is the greatest common factor of 138 and 46?
46
Calculate the highest common factor of 212 and 4.
4
What is the highest common divisor of 493 and 551?
29
What is the highest common divisor of 126 and 546?
42
What is the greatest common divisor of 32 and 100?
4
Calculate the greatest common divisor of 3268 and 76.
76
What is the greatest common divisor of 117 and 2288?
13
Calculate the highest common divisor of 403 and 26.
13
What is the greatest common divisor of 15435 and 630?
315
Calculate the greatest common divisor of 248 and 1116.
124
Calculate the greatest common factor of 40 and 1340.
20
Calculate the highest common factor of 49 and 1813.
49
What is the highest common factor of 32 and 104?
8
What is the highest common divisor of 3200 and 350?
50
What is the highest common diviso